 g - 11, -3*g = -5*h - 15. Suppose -2*m = -5*m - 9. What is the remainder when 34 is divided by h/m - 4 - -14?
10
Suppose -2*d - 1 = 1. Let z = d + 3. Calculate the remainder when 5 is divided by z.
1
Suppose -2*y + 3*j - 12 = 2*j, 8 = y + 3*j. What is the remainder when (2/y)/((-1)/46) is divided by 12?
11
Suppose 11*z + z - 648 = 0. Calculate the remainder when z is divided by 14.
12
Let g(w) = -w - 1. Let t(u) = u**3 - 5*u**2 - 2*u. Let l(z) = 3*g(z) + t(z). Calculate the remainder when 3 is divided by l(6).
0
Suppose -3*z - l + 19 = 0, -l = -2*l + 4. What is the remainder when 12 is divided by z?
2
Suppose -4*t + 2*a = -a - 379, 2*t - 4*a = 182. What is the remainder when t is divided by 25?
22
Suppose 3*r - 3 = -5*b + 4*b, -b - 2*r + 7 = 0. Suppose g + 2*c = 4*g - 87, g + 3*c = 18. What is the remainder when g is divided by b?
12
Suppose -3*n = -m - m - 2, 2*n - 23 = -3*m. Calculate the remainder when (-1)/(-2) + (-17)/(-2) is divided by m.
4
Let m = 70 + -6. Suppose 4*a - m = 2*u, 5*u + 48 = 3*a - 0*u. Calculate the remainder when a is divided by 9.
7
Let p = 93 - 74. Let k = -3 + 8. Calculate the remainder when p is divided by k.
4
Suppose 0*a = -5*s + 2*a + 131, 0 = 2*s - 5*a - 65. Let i = -14 - -27. Calculate the remainder when s is divided by i.
12
Let w = 44 - 29. Calculate the remainder when 87 is divided by w.
12
Suppose 4*d - 187 = -0*d - 5*j, 0 = -5*d + 5*j + 290. What is the remainder when d is divided by 11?
9
Suppose 2*o = -4*n - 156, 0*o + 2*o = -8. Let y = n + 74. Calculate the remainder when y is divided by 19.
18
Let j(v) = -v + 4. Let a be j(8). Calculate the remainder when 10 is divided by -3*2*2/a.
1
Suppose 0 = -p - 0*p + 4. Suppose 2*w + p - 2 = 0. Let z = 13 - w. What is the remainder when 26 is divided by z?
12
Let d(m) = m**3 + 4*m**2 + 2. Calculate the remainder when 4 is divided by d(-4).
0
Let x = 47 - -7. Calculate the remainder when x is divided by (-3)/(-6)*-4 + (-30)/(-1).
26
Suppose 2*a = -f - 0*f + 22, 4*a - 50 = f. Suppose a*s + 10 = 14*s. Calculate the remainder when 17 is divided by s.
2
Let z(j) = j + 14. Let n(i) = i - 2. Let y be n(-4). What is the remainder when 22 is divided by z(y)?
6
Let h(x) = 7*x + 6*x**2 - 10*x + 5 - 3. What is the remainder when 77 is divided by h(2)?
17
Let l(n) be the first derivative of -3*n**4/4 - n**3 - 2. What is the remainder when 35 is divided by l(-2)?
11
Suppose -3*r = -2*u - 5*r + 40, 4*u - 4*r = 48. What is the remainder when u is divided by 5?
1
What is the remainder when 45 is divided by 30/135 + (-115)/(-9)?
6
Suppose -2*f = -2*i - 8, 11 = -3*i + 4*i + 2*f. Suppose 3*g + 12 = 7*g. Suppose -g*q = -7*q + 8. Calculate the remainder when q is divided by i.
0
Let d = 14 + -9. Suppose -5*s - 4*i = -71, d*s + 4*i = 3*s + 26. Suppose 7*w - s = 2*w. What is the remainder when 4 is divided by w?
1
Let a = -15 - -28. Suppose 12 + a = 5*t. Calculate the remainder when t is divided by 3.
2
Suppose -2*z + 54 = -4*g, z = 4*g + 8 + 29. What is the remainder when 117 is divided by z?
15
Suppose 5*w - 66 - 14 = 0. What is the remainder when w is divided by 5*11/(165/18)?
4
Let b(s) = -s**3 - 8*s**2 - s - 5. Let o be b(-8). Suppose -o = 4*r - 3*r. What is the remainder when 1 is divided by r/9*6/(-2)?
0
Let x(i) = -4*i + 13. Let c(y) = -y - 1. Let d(f) = -3*c(f) + x(f). What is the remainder when d(11) is divided by 4?
1
Let m(z) = z**3 + 8*z**2 + 6*z + 9. Let p(y) = -2*y**3 - 16*y**2 - 13*y - 17. Let u(l) = 5*m(l) + 3*p(l). Calculate the remainder when 14 is divided by u(-7).
6
Let t = -2 + 19. Let d = 111 - 78. Calculate the remainder when d is divided by t.
16
Let m = 2 - -5. Calculate the remainder when 25 is divided by m.
4
Let o be ((-30)/(-8))/(3/8). Let x = o + -5. What is the remainder when x is divided by 3?
2
Suppose 168 = 2*z + 4*z. What is the remainder when z is divided by 10?
8
Suppose 2*j = -j + 5*d + 369, -j + 112 = 2*d. What is the remainder when j is divided by 11?
8
Let a = -129 - -222. What is the remainder when a is divided by 24?
21
Let j(o) = 2*o**3 + 3*o**2 - 5*o - 1. Let v be j(3). Let q = v - 33. What is the remainder when q is divided by 17?
15
Let l be (4/3)/((-1)/(-6)). Let f(q) = 4*q - 2*q - 3*q + l*q**2. What is the remainder when 12 is divided by f(1)?
5
Let d = 13 + -8. Suppose -y - d*q + 3*q + 30 = 0, -215 = -5*y + 3*q. Let u = 1 - -20. Calculate the remainder when y is divided by u.
19
Suppose -7*s = -3*s - 360. Calculate the remainder when s is divided by 23.
21
Let z(r) = 5*r - 2. Let c be z(2). Suppose 0*s + 3*l = s + c, -5*s + 3*l = 4. What is the remainder when 47 is divided by 0/1 + s + 15?
15
Let b be (-21)/(-2)*(-3 - -13). Let z = b + -58. What is the remainder when z is divided by 24?
23
Suppose 2*a - 3*y = 28, 2*y = 3*a + 3*y - 42. What is the remainder when a is divided by 6?
2
Let s = 28 - 24. Calculate the remainder when 29 is divided by s.
1
Let z(h) = h**3 - 14*h**2 - 14*h - 8. Calculate the remainder when z(15) is divided by 5.
2
Let w(p) = -p**2 + 5*p + 5. Let d = 32 - 18. Calculate the remainder when d is divided by w(5).
4
Suppose -6*a + 35 = -a. Suppose -6 = -4*t + 6. Suppose -t*d + 4*q = d - 56, 4*d - 61 = 3*q. What is the remainder when d is divided by a?
5
Let o = -15 - -18. Suppose 4*m = 3*x + 10, -o*x = -2*m - 0 + 2. Calculate the remainder when 6 is divided by x.
0
Suppose -4*z + 20 + 36 = 0. Let q(r) = r**3 - 2*r**2 + 4*r - 3. Suppose -3*v - v = -8. Calculate the remainder when z is divided by q(v).
4
Suppose 513 = 5*n + 4*u, 5*u + 78 = 5*n - 417. Suppose -5*t + 6 = -14, 5*c - t - n = 0. Calculate the remainder when 40 is divided by c.
19
Suppose 3*m - 4*v - 21 = 0, 2*v = -m - 2*v - 9. What is the remainder when (-2)/(-3) - (-13)/m is divided by 4?
1
Suppose z - 6*z + 25 = 0. Calculate the remainder when (-141)/(-15) + (-4)/10 is divided by z.
4
Let r = -11 + 19. Suppose 19 - 99 = -4*a. Calculate the remainder when a is divided by r.
4
Let s = 17 - -50. What is the remainder when s is divided by 19?
10
Suppose 5*m - 16 = -3*x, -3*x + 5*x + 2*m = 12. Calculate the remainder when -1 - (0 + 1*-20) is divided by x.
5
Let l(s) = 7*s**2 + 4*s + 1. Calculate the remainder when l(3) is divided by 26.
24
Let s(a) = -a**2 - 9*a + 79. Let y(q) = -2*q**3 - 2*q**2 + 3*q - 3. What is the remainder when y(-3) is divided by s(-14)?
6
Let n be ((-12)/(-15))/((-1)/5). Let i = n - -15. Suppose 2*m = 2*j - 19 - i, -j = -5*m - 19. What is the remainder when 41 is divided by j?
13
Let i(x) = -x**3 - 2*x**2 + 3*x - 1. Let h be i(-3). Let q be 9/(-2)*24/(-54). Calculate the remainder when (h/3)/(q/(-348)) is divided by 20.
18
Suppose 2*u - 2*m = 20, 2*u + 0*u - 4*m - 22 = 0. Calculate the remainder when -4 - -3 - -17*1 is divided by u.
7
Suppose 2 = 3*k - 2*k, -2*s - k + 12 = 0. Suppose -5*a + 20 = 0, s*a - 78 - 10 = -4*h. What is the remainder when h is divided by 9?
8
Suppose 104 = 2*q + 6. Let p be (-36)/(-27)*6/4. Calculate the remainder when q is divided by ((-1)/p)/(2/(-68)).
15
What is the remainder when 1 - (-1 + 2 - 79) is divided by 21?
16
Suppose -2*n + 6 = 2*j - 22, -4*n = -4*j - 16. Let k(l) = -l**2 - 15*l + 5. Calculate the remainder when n is divided by k(-15).
4
Suppose -c = 1 - 15. Let v(m) = m**3 + 8*m**2 + 5. What is the remainder when c is divided by v(-8)?
4
Let r = -5 - -17. Suppose -2*o + r = 2*o. What is the remainder when 3 is divided by o?
0
Let t(z) = 5*z - 7. What is the remainder when t(6) is divided by 12?
11
Suppose 3*s = -1 + 4. Let u = s + 43. Let z = 91 - u. Calculate the remainder when z is divided by 12.
11
Suppose 0*b + 5*b - 30 = 0. Suppose u - 4*u + b = 0. What is the remainder when (-1 - 0) + u - -3 is divided by 2?
0
Suppose 4*k = 5*t - 23, -3*t - 3*k = 2*k - 36. Suppose -40 = -5*s - 210. Let u = s - -53. What is the remainder when u is divided by t?
5
What is the remainder when 21 is divided by (-27)/(-63) - (-50)/14?
1
Let o = -1 - 3. Calculate the remainder when (2/o)/((-1)/20) is divided by 4.
2
Let f(o) be the second derivative of 4*o**2 + 2*o - 1/20*o**5 + 0 - 1/6*o**3 + 7/12*o**4. Calculate the remainder when f(7) is divided by 1.
0
Let v = -21 + 39. What is the remainder when v is divided by 12?
6
Let i(f) = -4*f - f**2 - 1 + 8*f**3 + 2*f**3 - 10*f**3 + f**3. Calculate the remainder when